{"id":2211,"date":"2021-06-11T14:24:21","date_gmt":"2021-06-11T12:24:21","guid":{"rendered":"http:\/\/wordpress.p499382.webspaceconfig.de\/?post_type=product&#038;p=2211"},"modified":"2025-06-08T15:31:49","modified_gmt":"2025-06-08T13:31:49","slug":"buch-girlfriends-storefront-beauty-and-drama","status":"publish","type":"product","link":"https:\/\/shop.bizarrverlag.com\/?product=buch-girlfriends-storefront-beauty-and-drama","title":{"rendered":"(Bildband) Girlfriends &#8211; storefront beauty and drama"},"content":{"rendered":"<p><span style=\"font-family: Arial, Helvetica, sans-serif;\">EIN FOTOBAND \u00dcBER SCHAUFENSTERPUPPEN<br \/>\nDieser Bildband ist eine Einladung zum Schaufensterbummel durch die Einkaufsparadiese unseres Planeten. Sch\u00f6nheiten der 50er-Jahre, glamour\u00f6se Damen aus Variet\u00e9tagen und unz\u00e4hlige andere charmante Pers\u00f6nlichkeiten blicken aus ihren schmalen Boudoirs hinter Glas auf den Betrachter: bleiche Romantikerinnen, freundliche Dandys, bezopfte Br\u00fcnette, eitle Kindfrauen, verschleierte Hippies, geschmeidige Sekret\u00e4rinnen, adrette Teenager, vertr\u00e4umte Haremsm\u00e4dchen, beschwipste Badenixen, k\u00fchle Nordlichter, S\u00fcdstaatensch\u00f6nheiten, Glitzerdamen aus dem Osten und Western-Cowgirls. Ihre Inszenierung inspiriert die Fantasie, und dieses Buch feiert ihre unverg\u00e4ngliche Sch\u00f6nheit.<\/span><br \/>\n&#8222;Zeitlose Sch\u00f6nheit trifft auf nostalgischen Vintage Look&#8220; (Marcel Ostertag, Modedesigner)<br \/>\n&#8222;Kreative Meisterleistung&#8220; (Patrick Mohr, Modedesigner)<br \/>\n&#8222;Amazing Artwork!&#8220; (Ali Kepenek, Modefotograf)<\/p>\n","protected":false},"excerpt":{"rendered":"<p><span style=\"font-family: Arial, Helvetica, sans-serif;\">288 Seiten, 282 Farbfotos, Hardcover, 4-Farb-Schutzumschlag mit Pr\u00e4gung, 20,5 x 16,5 cm, Einf\u00fchrung in Deutsch\/Englisch\/Franz\u00f6sisch\/Japanisch ISBN 978-3-930677-25-2<\/span><\/p>\n","protected":false},"featured_media":2214,"template":"","meta":[],"product_cat":[23],"product_tag":[],"_links":{"self":[{"href":"https:\/\/shop.bizarrverlag.com\/index.php?rest_route=\/wp\/v2\/product\/2211"}],"collection":[{"href":"https:\/\/shop.bizarrverlag.com\/index.php?rest_route=\/wp\/v2\/product"}],"about":[{"href":"https:\/\/shop.bizarrverlag.com\/index.php?rest_route=\/wp\/v2\/types\/product"}],"wp:featuredmedia":[{"embeddable":true,"href":"https:\/\/shop.bizarrverlag.com\/index.php?rest_route=\/wp\/v2\/media\/2214"}],"wp:attachment":[{"href":"https:\/\/shop.bizarrverlag.com\/index.php?rest_route=%2Fwp%2Fv2%2Fmedia&parent=2211"}],"wp:term":[{"taxonomy":"product_cat","embeddable":true,"href":"https:\/\/shop.bizarrverlag.com\/index.php?rest_route=%2Fwp%2Fv2%2Fproduct_cat&post=2211"},{"taxonomy":"product_tag","embeddable":true,"href":"https:\/\/shop.bizarrverlag.com\/index.php?rest_route=%2Fwp%2Fv2%2Fproduct_tag&post=2211"}],"curies":[{"name":"wp","href":"https:\/\/api.w.org\/{rel}","templated":true}]}}