{"id":2070,"date":"2021-06-04T16:17:08","date_gmt":"2021-06-04T14:17:08","guid":{"rendered":"http:\/\/wordpress.p499382.webspaceconfig.de\/?post_type=product&#038;p=2070"},"modified":"2021-09-16T16:42:26","modified_gmt":"2021-09-16T14:42:26","slug":"drehkarten-set","status":"publish","type":"product","link":"https:\/\/shop.bizarrverlag.com\/?product=drehkarten-set","title":{"rendered":"7041 Drehkarten Set"},"content":{"rendered":"<p><span style=\"font-family: Arial, Helvetica, sans-serif;\">10 Drehpostkarten: Der obere Teil besteht aus bedruckter Plastikfolie und l\u00e4sst sich gegen die \u00fcbrige Karte verdrehen, wodurch st\u00e4ndig neue psychedelische Verlaufbilder und Farbmuster entstehen. \u00c4hnlich den Op-Art-Mustern der 60er Jahre. <\/span><\/p>\n","protected":false},"excerpt":{"rendered":"<p>10 Drehpostkarten: Der obere Teil besteht aus bedruckter Plastikfolie und l\u00e4sst sich gegen die \u00fcbrige Karte verdrehen, wodurch st\u00e4ndig neue psychedelische Verlaufbilder und Farbmuster entstehen. \u00c4hnlich den Op-Art-Mustern der 60er Jahre.<\/p>\n","protected":false},"featured_media":2085,"template":"","meta":[],"product_cat":[59],"product_tag":[],"_links":{"self":[{"href":"https:\/\/shop.bizarrverlag.com\/index.php?rest_route=\/wp\/v2\/product\/2070"}],"collection":[{"href":"https:\/\/shop.bizarrverlag.com\/index.php?rest_route=\/wp\/v2\/product"}],"about":[{"href":"https:\/\/shop.bizarrverlag.com\/index.php?rest_route=\/wp\/v2\/types\/product"}],"wp:featuredmedia":[{"embeddable":true,"href":"https:\/\/shop.bizarrverlag.com\/index.php?rest_route=\/wp\/v2\/media\/2085"}],"wp:attachment":[{"href":"https:\/\/shop.bizarrverlag.com\/index.php?rest_route=%2Fwp%2Fv2%2Fmedia&parent=2070"}],"wp:term":[{"taxonomy":"product_cat","embeddable":true,"href":"https:\/\/shop.bizarrverlag.com\/index.php?rest_route=%2Fwp%2Fv2%2Fproduct_cat&post=2070"},{"taxonomy":"product_tag","embeddable":true,"href":"https:\/\/shop.bizarrverlag.com\/index.php?rest_route=%2Fwp%2Fv2%2Fproduct_tag&post=2070"}],"curies":[{"name":"wp","href":"https:\/\/api.w.org\/{rel}","templated":true}]}}