{"id":1863,"date":"2021-05-14T15:40:54","date_gmt":"2021-05-14T13:40:54","guid":{"rendered":"http:\/\/wordpress.p499382.webspaceconfig.de\/?post_type=product&#038;p=1863"},"modified":"2026-04-15T17:48:51","modified_gmt":"2026-04-15T15:48:51","slug":"pluesch-klappkarte-1784","status":"publish","type":"product","link":"https:\/\/shop.bizarrverlag.com\/?product=pluesch-klappkarte-1784","title":{"rendered":"Pl\u00fcsch Klappkarte 1784"},"content":{"rendered":"","protected":false},"excerpt":{"rendered":"<p>Klappkarte, hinten und vorne mit Pl\u00fcsch bezogen. Gr\u00f6\u00dfe 175 x 128 mm, mit naturbraunem Recycling-Umschlag.<\/p>\n","protected":false},"featured_media":489,"template":"","meta":[],"product_cat":[31],"product_tag":[],"_links":{"self":[{"href":"https:\/\/shop.bizarrverlag.com\/index.php?rest_route=\/wp\/v2\/product\/1863"}],"collection":[{"href":"https:\/\/shop.bizarrverlag.com\/index.php?rest_route=\/wp\/v2\/product"}],"about":[{"href":"https:\/\/shop.bizarrverlag.com\/index.php?rest_route=\/wp\/v2\/types\/product"}],"wp:featuredmedia":[{"embeddable":true,"href":"https:\/\/shop.bizarrverlag.com\/index.php?rest_route=\/wp\/v2\/media\/489"}],"wp:attachment":[{"href":"https:\/\/shop.bizarrverlag.com\/index.php?rest_route=%2Fwp%2Fv2%2Fmedia&parent=1863"}],"wp:term":[{"taxonomy":"product_cat","embeddable":true,"href":"https:\/\/shop.bizarrverlag.com\/index.php?rest_route=%2Fwp%2Fv2%2Fproduct_cat&post=1863"},{"taxonomy":"product_tag","embeddable":true,"href":"https:\/\/shop.bizarrverlag.com\/index.php?rest_route=%2Fwp%2Fv2%2Fproduct_tag&post=1863"}],"curies":[{"name":"wp","href":"https:\/\/api.w.org\/{rel}","templated":true}]}}