{"id":2296,"date":"2021-07-03T21:38:43","date_gmt":"2021-07-03T19:38:43","guid":{"rendered":"http:\/\/wordpress.p499382.webspaceconfig.de\/?page_id=2296"},"modified":"2021-07-03T21:38:43","modified_gmt":"2021-07-03T19:38:43","slug":"datenschutz","status":"publish","type":"page","link":"https:\/\/shop.bizarrverlag.com\/?page_id=2296","title":{"rendered":"DATENSCHUTZ"},"content":{"rendered":"\n<figure class=\"wp-block-table\"><table><tbody><tr><td><strong>Datenschutzerkl\u00e4rung<\/strong><strong><\/strong><\/td><td><\/td><\/tr><tr><td>Die Nutzung unserer Seite ist ohne eine Angabe von personenbezogenen Daten m\u00f6glich. F\u00fcr die Nutzung einzelner Services unserer Seite k\u00f6nnen sich hierf\u00fcr abweichende Regelungen ergeben, die in diesem Falle nachstehend gesondert erl\u00e4utert werden. Ihre personenbezogenen Daten (z.B. Name, Anschrift, E-Mail, Telefonnummer, u.\u00e4.) werden von uns nur gem\u00e4\u00df den Bestimmungen des deutschen Datenschutzrechts verarbeitet. Daten sind dann personenbezogen, wenn sie eindeutig einer bestimmten nat\u00fcrlichen Person zugeordnet werden k\u00f6nnen. Die rechtlichen Grundlagen des Datenschutzes finden Sie im Bundesdatenschutzgesetz (BDSG) und dem Telemediengesetz (TMG). Nachstehende Regelungen informieren Sie insoweit \u00fcber die Art, den Umfang und Zweck der Erhebung, die Nutzung und die Verarbeitung von personenbezogenen Daten durch den Anbieter<br>BIZARR VERLAG OHG, Untere Weidenstr. 26, 81543 M\u00fcnchen<br>089 263 929 mail@bizarrverlag.com<br>Wir weisen darauf hin, dass die internetbasierte Daten\u00fcbertragung Sicherheitsl\u00fccken aufweist, ein l\u00fcckenloser Schutz vor Zugriffen durch Dritte somit unm\u00f6glich ist.<br>Serverdaten<br>Aus technischen Gr\u00fcnden werden u.a. folgende Daten, die Ihr Internet-Browser an uns bzw. an unseren Webspace-Provider \u00fcbermittelt, erfasst (sogenannte Serverlogfiles):<br>&#8211; Browsertyp und -version<br>&#8211; verwendetes Betriebssystem<br>&#8211; Webseite, von der aus Sie uns besuchen (Referrer URL)<br>&#8211; Webseite, die Sie besuchen<br>&#8211; Datum und Uhrzeit Ihres Zugriffs<br>&#8211; Ihre Internet Protokoll (IP)-Adresse. Diese anonymen Daten werden getrennt von Ihren eventuell angegebenen personenbezogenen Daten gespeichert und lassen so keine R\u00fcckschl\u00fcsse auf eine bestimmte Person zu. Sie werden zu statistischen Zwecken ausgewertet, um unseren Internetauftritt und unsere Angebote optimieren zu k\u00f6nnen.<br><br>Registrierungsfunktion<br>Wir bieten Ihnen auf unserer Seite die M\u00f6glichkeit, sich dort zu registrieren. Die im Zuge dieser Registrierung eingegebenen Daten, die aus der Eingabemaske des Registrierungsformular ersichtlich sind,<br>wie Name, Adresse, Tel.Nr., mailadresse etc<br>werden ausschlie\u00dflich f\u00fcr die Verwendung unseres Angebots erhoben und gespeichert. Mit Ihrer Registrierung auf unserer Seite werden wir zudem Ihre IP-Adresse und das Datum sowie die Uhrzeit Ihrer Registrierung speichern. Dies dient in dem Fall, dass ein Dritter Ihre Daten missbraucht und sich mit diesen Daten ohne Ihr Wissen auf unserer Seite registriert, als Absicherung unsererseits. Eine Weitergabe an Dritte erfolgt nicht. Ein Abgleich der so erhobenen Daten mit Daten, die m\u00f6glicherweise durch andere Komponenten unserer Seite erhoben werden, erfolgt ebenfalls nicht.<br><br>Newsletter<br>Wir bieten Ihnen auf unserer Seite die M\u00f6glichkeit, unseren Newsletter zu abonnieren. Mit diesem Newsletter informieren wir in regelm\u00e4\u00dfigen Abst\u00e4nden \u00fcber unsere Angebote. Um unseren Newsletter empfangen zu k\u00f6nnen, ben\u00f6tigen Sie eine g\u00fcltige E-Mailadresse. Die von Ihnen eingetragene E-Mail-Adresse werden wir dahingehend \u00fcberpr\u00fcfen, ob Sie tats\u00e4chlich der Inhaber der angegebenen E-Mail-Adresse sind bzw. deren Inhaber den Empfang des Newsletters autorisiert ist. Mit Ihrer Anmeldung zu unserem Newsletter werden wir Ihre IP-Adresse und das Datum sowie die Uhrzeit Ihrer Anmeldung speichern. Dies dient in dem Fall, dass ein Dritter Ihre E-Mail-Adresse missbraucht und ohne Ihr Wissen unseren Newsletter abonniert, als Absicherung unsererseits. Weitere Daten werden unsererseits nicht erhoben. Die so erhobenen Daten werden ausschlie\u00dflich f\u00fcr den Bezug unseres Newsletters verwendet. Eine Weitergabe an Dritte erfolgt nicht. Ein Abgleich der so erhobenen Daten mit Daten, die m\u00f6glicherweise durch andere Komponenten unserer Seite erhoben werden, erfolgt ebenfalls nicht. Das Abonnement dieses Newsletters k\u00f6nnen Sie jederzeit k\u00fcndigen. Einzelheiten hierzu k\u00f6nnen Sie der Best\u00e4tigungsmail sowie jedem einzelnen Newsletter entnehmen.<br><br>Kontaktm\u00f6glichkeit<br>Wir bieten Ihnen auf unserer Seite die M\u00f6glichkeit, mit uns per E-Mail in Verbindung zu treten. In diesem Fall werden die vom Nutzer gemachten Angaben zum Zwecke der Bearbeitung seiner Kontaktaufnahme gespeichert. Eine Weitergabe an Dritte erfolgt nicht. Ein Abgleich der so erhobenen Daten mit Daten, die m\u00f6glicherweise durch andere Komponenten unserer Seite erhoben werden, erfolgt ebenfalls nicht.<br><br>Einsatz von facebook-Komponenten<br>Wir setzen auf unserer Seite Komponenten des Anbieters facebook.com ein. Facebook ist ein Service der facebook Inc., 1601 S. California Ave, Palo Alto, CA 94304, USA.<br>Bei jedem einzelnen Abruf unserer Webseite, die mit einer solchen Komponente ausgestattet ist, veranlasst diese Komponente, dass der von Ihnen verwendete Browser eine entsprechende Darstellung der Komponente von facebook herunterl\u00e4dt. Durch diesen Vorgang wird facebook dar\u00fcber in Kenntnis gesetzt, welche konkrete Seite unserer Internetpr\u00e4senz gerade durch Sie besucht wird.<br>Wenn Sie unsere Seite aufrufen und w\u00e4hrenddessen bei facebook eingeloggt sind, erkennt facebook durch die von der Komponente gesammelte Information, welche konkrete Seite Sie besuchen und ordnet diese Informationen Ihrem pers\u00f6nlichen Account auf facebook zu. Klicken Sie z.B. den \u201eGef\u00e4llt mir\u201c-Button an oder geben Sie entsprechende Kommentare ab, werden diese Informationen an Ihr pers\u00f6nliches Benutzerkonto auf facebook \u00fcbermittelt und dort gespeichert. Dar\u00fcber hinaus wird die Information, dass Sie unsere Seite besucht haben, an facebook weiter gegeben. Dies geschieht unabh\u00e4ngig davon, ob Sie die Komponente anklicken oder nicht.<br>Wenn Sie diese \u00dcbermittlung und Speicherung von Daten \u00fcber Sie und Ihr Verhalten auf unserer Webseite durch facebook unterbinden wollen, m\u00fcssen Sie sich bei facebook ausloggen und zwar bevor Sie unsere Seite besuchen. Die Datenschutzhinweise von facebook geben hierzu n\u00e4here Informationen, insbesondere zur Erhebung und Nutzung der Daten durch facebook, zu Ihren diesbez\u00fcglichen Rechten sowie zu den Einstellungsm\u00f6glichkeiten zum Schutz Ihrer Privatsph\u00e4re: https:\/\/de-de.facebook.com\/about\/privacy\/<br>Eine \u00dcbersicht \u00fcber die Facebook-Plugins finden Sie unter https:\/\/developers.facebook.com\/docs\/plugins\/<br><br>Einsatz von PayPal als Zahlungsart<br>Sollten Sie sich im Rahmen Ihres Bestellvorgangs f\u00fcr eine Bezahlung mit dem Online-Zahlungsdienstleister PayPal entscheiden, werden im Rahmen der so ausgel\u00f6sten Bestellung Ihre Kontaktdaten an PayPal \u00fcbermittelt. PayPal ist ein Angebot der PayPal (Europe) S.\u00e0.r.l. &amp; Cie. S.C.A., 22-24 Boulevard Royal, L-2449 Luxembourg. PayPal \u00fcbernimmt dabei die Funktion eines Online-Zahlungsdienstleisters sowie eines Treuh\u00e4nders und bietet K\u00e4uferschutzdienste an.<br>Bei den an PayPal \u00fcbermittelten personenbezogenen Daten handelt es sich zumeist um Vorname, Nachname, Adresse, Telefonnummer, IP-Adresse, E-Mail-Adresse, oder andere Daten, die zur Bestellabwicklung erforderlich sind, als auch Daten, die im Zusammenhang mit der Bestellung stehen, wie Anzahl der Artikel, Artikelnummer, Rechnungsbetrag und Steuern in Prozent, Rechnungsinformationen, usw.<br>Diese \u00dcbermittelung ist zur Abwicklung Ihrer Bestellung mit der von Ihnen ausgew\u00e4hlten Zahlungsart notwendig, insbesondere zur Best\u00e4tigung Ihrer Identit\u00e4t, zur Administration Ihrer Zahlung und der Kundenbeziehung.<br>Bitte beachten Sie jedoch: Personenbezogenen Daten k\u00f6nnen seitens PayPal auch an Leistungserbringer, an Subunternehmer oder andere verbundene Unternehmen weitergegeben werden, soweit dies zur Erf\u00fcllung der vertraglichen Verpflichtungen aus Ihrer Bestellung erforderlich ist oder die personenbezogenen Daten im Auftrag verarbeitet werden sollen.<br>Abh\u00e4ngig von der \u00fcber PayPal ausgew\u00e4hlten Zahlungsart, z.B. Rechnung oder Lastschrift, werden die an PayPal \u00fcbermittelten personenbezogenen Daten von PayPal an Wirtschaftsauskunfteien \u00fcbermittelt. Diese \u00dcbermittlung dient der Identit\u00e4ts- und Bonit\u00e4tspr\u00fcfung in Bezug auf die von Ihnen get\u00e4tigte Bestellung. Um welche Auskunfteien es sich hierbei handelt und welche Daten von PayPal allgemein erhoben, verarbeitet, gespeichert und weitergegeben werden, entnehmen Sie der Datenschutzerkl\u00e4rung von PayPal unter https:\/\/www.paypal.com\/de\/webapps\/mpp\/ua\/privacy-full<br><br>Auskunft\/Widerruf\/L\u00f6schung<br>Sie k\u00f6nnen sich aufgrund des Bundesdatenschutzgesetzes bei Fragen zur Erhebung, Verarbeitung oder Nutzung Ihrer personenbezogenen Daten und deren Berichtigung, Sperrung, L\u00f6schung oder einem Widerruf einer erteilten Einwilligung unentgeltlich an uns wenden. Wir weisen darauf hin, dass Ihnen ein Recht auf Berichtigung falscher Daten oder L\u00f6schung personenbezogener Daten zusteht, sollte diesem Anspruch keine gesetzliche Aufbewahrungspflicht entgegenstehen.<br>Muster-Datenschutzerkl\u00e4rung der Anwaltskanzlei Wie\u00df &amp; Parter<\/td><\/tr><tr><td>&nbsp;<\/td><\/tr><\/tbody><\/table><\/figure>\n","protected":false},"excerpt":{"rendered":"<p>Datenschutzerkl\u00e4rung Die Nutzung unserer Seite ist ohne eine Angabe von personenbezogenen Daten m\u00f6glich. F\u00fcr die Nutzung einzelner Services unserer Seite k\u00f6nnen sich hierf\u00fcr abweichende Regelungen ergeben, die in diesem Falle nachstehend gesondert erl\u00e4utert werden. Ihre personenbezogenen Daten (z.B. Name, Anschrift, E-Mail, Telefonnummer, u.\u00e4.) werden von uns nur gem\u00e4\u00df den Bestimmungen des deutschen Datenschutzrechts verarbeitet. Daten [&hellip;]<\/p>\n","protected":false},"author":4,"featured_media":0,"parent":0,"menu_order":0,"comment_status":"closed","ping_status":"closed","template":"","meta":[],"_links":{"self":[{"href":"https:\/\/shop.bizarrverlag.com\/index.php?rest_route=\/wp\/v2\/pages\/2296"}],"collection":[{"href":"https:\/\/shop.bizarrverlag.com\/index.php?rest_route=\/wp\/v2\/pages"}],"about":[{"href":"https:\/\/shop.bizarrverlag.com\/index.php?rest_route=\/wp\/v2\/types\/page"}],"author":[{"embeddable":true,"href":"https:\/\/shop.bizarrverlag.com\/index.php?rest_route=\/wp\/v2\/users\/4"}],"replies":[{"embeddable":true,"href":"https:\/\/shop.bizarrverlag.com\/index.php?rest_route=%2Fwp%2Fv2%2Fcomments&post=2296"}],"version-history":[{"count":1,"href":"https:\/\/shop.bizarrverlag.com\/index.php?rest_route=\/wp\/v2\/pages\/2296\/revisions"}],"predecessor-version":[{"id":2297,"href":"https:\/\/shop.bizarrverlag.com\/index.php?rest_route=\/wp\/v2\/pages\/2296\/revisions\/2297"}],"wp:attachment":[{"href":"https:\/\/shop.bizarrverlag.com\/index.php?rest_route=%2Fwp%2Fv2%2Fmedia&parent=2296"}],"curies":[{"name":"wp","href":"https:\/\/api.w.org\/{rel}","templated":true}]}}