{"id":175,"date":"2021-02-01T17:26:19","date_gmt":"2021-02-01T16:26:19","guid":{"rendered":"http:\/\/wordpress.p499382.webspaceconfig.de\/?page_id=175"},"modified":"2021-10-04T12:31:15","modified_gmt":"2021-10-04T10:31:15","slug":"versandkosten-shipping-costs","status":"publish","type":"page","link":"https:\/\/shop.bizarrverlag.com\/?page_id=175","title":{"rendered":"VERSANDKOSTEN UND ZAHLUNG"},"content":{"rendered":"\n<p><strong>VERSANDKOSTEN:<\/strong> Bei Lieferung innerhalb von Deutschland \u20ac 3,00, nach \u00d6sterreich und in die Schweiz sowie alle anderen europ\u00e4ischen L\u00e4nder \u20ac 6,00. Lieferung in nicht-europ\u00e4ische L\u00e4nder \u20ac 9.00.<\/p>\n\n\n\n<p><strong>ZAHLUNG:<\/strong> Lieferungen werden gegen Vorkasse per Lastschrift oder paypal\u2122 ausgef\u00fchrt.  Wir behalten uns in Einzelf\u00e4llen und in eigenem Ermessen vor, Bestellungen gegen SEPA-Lastschrift nicht auszuf\u00fchren. Eine Zahluing per SEPA Lastschrift ist generell nicht m\u00f6glich, wenn es sich bei der Lieferanschrift um eine Packstation o.\u00e4. handelt. In Einzelf\u00e4llen akzeptieren wir auch Zahlung per Vor\u00fcberweisung auf unser Bankkonto. Hierf\u00fcr wenden Sie sich bitte per Mail an den Verlag.<\/p>\n\n\n\n<p><strong>LIEFERZEIT<\/strong>: Innerhalb Deutschlands erfolgt die Lieferung sp\u00e4testens innerhalb von 5 Arbeitstagen (Montag bis Freitag, Feiertage ausgenommen) nach Zahlungseingang. Wir liefern mit der Deutschen Post oder DHL.<\/p>\n","protected":false},"excerpt":{"rendered":"<p>VERSANDKOSTEN: Bei Lieferung innerhalb von Deutschland \u20ac 3,00, nach \u00d6sterreich und in die Schweiz sowie alle anderen europ\u00e4ischen L\u00e4nder \u20ac 6,00. Lieferung in nicht-europ\u00e4ische L\u00e4nder \u20ac 9.00. ZAHLUNG: Lieferungen werden gegen Vorkasse per Lastschrift oder paypal\u2122 ausgef\u00fchrt. Wir behalten uns in Einzelf\u00e4llen und in eigenem Ermessen vor, Bestellungen gegen SEPA-Lastschrift nicht auszuf\u00fchren. Eine Zahluing per [&hellip;]<\/p>\n","protected":false},"author":4,"featured_media":0,"parent":0,"menu_order":0,"comment_status":"closed","ping_status":"closed","template":"","meta":[],"_links":{"self":[{"href":"https:\/\/shop.bizarrverlag.com\/index.php?rest_route=\/wp\/v2\/pages\/175"}],"collection":[{"href":"https:\/\/shop.bizarrverlag.com\/index.php?rest_route=\/wp\/v2\/pages"}],"about":[{"href":"https:\/\/shop.bizarrverlag.com\/index.php?rest_route=\/wp\/v2\/types\/page"}],"author":[{"embeddable":true,"href":"https:\/\/shop.bizarrverlag.com\/index.php?rest_route=\/wp\/v2\/users\/4"}],"replies":[{"embeddable":true,"href":"https:\/\/shop.bizarrverlag.com\/index.php?rest_route=%2Fwp%2Fv2%2Fcomments&post=175"}],"version-history":[{"count":8,"href":"https:\/\/shop.bizarrverlag.com\/index.php?rest_route=\/wp\/v2\/pages\/175\/revisions"}],"predecessor-version":[{"id":4067,"href":"https:\/\/shop.bizarrverlag.com\/index.php?rest_route=\/wp\/v2\/pages\/175\/revisions\/4067"}],"wp:attachment":[{"href":"https:\/\/shop.bizarrverlag.com\/index.php?rest_route=%2Fwp%2Fv2%2Fmedia&parent=175"}],"curies":[{"name":"wp","href":"https:\/\/api.w.org\/{rel}","templated":true}]}}